 the greatest common divisor of i and 55?
5
Let r(h) = -h. Let y be 1 - (14 - (2 - 3)). Let z = -20 - y. Let o be r(z). What is the greatest common divisor of 9 and o?
3
Let t(c) = -c**3 - 6*c**2 - 10*c - 11. Let f be t(-6). What is the greatest common divisor of 490 and f?
49
Let l = 51 + -15. Suppose 4*w - 16 = -4*f, 5*f = 2*w - 3*w + l. What is the highest common divisor of f and 1?
1
Let r(f) = 0 + 0 - 38*f**2 - f + f**3 + 34*f**2. Let l be r(5). Calculate the highest common factor of l and 20.
20
Let x(g) = -g**3 + 3*g**2 + 7*g + 2. Let d be x(5). Let j = d - -23. What is the greatest common factor of 1 and j?
1
Let x be 6/21 - 162/(-21). Let g be (-116)/(-14) - x/28. Calculate the highest common factor of 8 and g.
8
Let l(q) = 21*q - 2. Let a be l(1). What is the highest common divisor of a and 19?
19
Suppose -5*d - 5*l + 10 = -0, -6 = -3*d + 5*l. Calculate the highest common divisor of d and 18.
2
Let r(m) = -66*m - 4. Let w = 6 + -3. Let s be r(w). Let f be 6/(-9) - s/6. What is the greatest common divisor of 11 and f?
11
Suppose 4*o + 0*o - 5*f - 80 = 0, -2*f = 4*o - 80. Calculate the highest common factor of 15 and o.
5
Suppose -4*s = -7*s + 27. Calculate the greatest common factor of 72 and s.
9
Suppose 3*f = 5*m - 23, 4*m + 3*f = 4 + 9. Suppose c = -3*a + 1 + m, 3*c - 3*a - 3 = 0. Calculate the greatest common divisor of c and 16.
2
Let r(n) = n**3 - n**2 - 2*n. Let z be r(2). Let h = 63 + z. What is the highest common divisor of 7 and h?
7
Suppose 0 = 3*i - 3*x - 6 - 0, -5*x + 25 = 0. Let h(a) = a**3 - 4*a**2 - 5*a + 1. Let y be h(5). Calculate the greatest common factor of y and i.
1
Suppose 97 = 5*n - 223. Suppose 235 = 3*x + n. Calculate the greatest common factor of x and 19.
19
Let h(i) = 2*i**2 - 7*i - 3. Let o be h(4). Calculate the highest common divisor of o and 1.
1
Let q(m) = 37*m - 2. Let d be q(1). What is the highest common factor of d and 14?
7
Let r = -118 + 119. Let y(u) = 2*u**2 + 3*u - 1. Let z be y(-3). What is the greatest common factor of z and r?
1
Suppose 0 = 16*g - 14*g - 216. What is the highest common factor of g and 72?
36
Let a = -71 + 105. What is the highest common divisor of a and 272?
34
Suppose 3*y = 5*y - 10. Suppose 0*c - 5*f - 16 = 2*c, 5*c + 4*f = -6. Suppose -c = s - 7. Calculate the greatest common factor of s and y.
5
Suppose -2 - 17 = m - 2*s, -4*m + 2*s - 52 = 0. Let n = m + 17. Suppose -4*l + 71 = -97. Calculate the highest common divisor of l and n.
6
Suppose -3*d = -4*d + 2*g, 4*d + 5*g - 52 = 0. Let u = 53 - d. What is the greatest common factor of 18 and u?
9
Let j be 6/(-21) - (-88)/14. Let o = j - 4. Suppose 2*z - 5 = z. What is the greatest common factor of o and z?
1
Let j(q) = 2*q - 3. Let v be j(4). Suppose -v*z - 2*l = l - 37, 5*z - 3*l - 13 = 0. Suppose 20 = 5*r + z. Calculate the highest common divisor of r and 15.
3
Let u be 10 - 7 - 2/(-2). Calculate the greatest common divisor of 6 and u.
2
Suppose 0*l + 3*l + 3*w - 600 = 0, 3*l + 4*w = 597. Suppose 2*u - s = 101, 0*u - 4*u = -3*s - l. Calculate the highest common divisor of 10 and u.
10
Let t(d) = -d**2 + 23*d. Let v be t(19). What is the greatest common divisor of 38 and v?
38
Suppose 4*y - 792 = -0*y. Calculate the highest common divisor of y and 22.
22
Suppose 2*n = -4*p - 6, -2*n + 18 = -0*n - 4*p. Suppose -n*h + h = -100. What is the greatest common divisor of 25 and h?
25
Suppose -4*u + 5*p + 738 = 0, -p = -5*u - 0*p + 933. Calculate the highest common factor of u and 17.
17
Let l be 44*(0 + 10/(-8)). Let h = 83 + l. Let p = 11 - 7. What is the greatest common factor of h and p?
4
Let u be 3*(1 - 2/3). Let q be 91 + u + 1 - 3. Calculate the highest common divisor of q and 10.
10
Let n(r) = r - 8. Let b be n(12). What is the highest common divisor of 4 and b?
4
Let a = 5 + -1. Suppose -l + 1 = 0, 1 = 2*s + 3*l - a*l. What is the highest common factor of s and 3?
1
Let d(m) = -m**2 + 9*m + 14. Let o be d(10). Suppose o*r = n - 5*n + 72, -n + 18 = 3*r. What is the greatest common divisor of n and 45?
9
Suppose 0 = -3*c - 4*p - 2 + 10, -5*c + 60 = -5*p. Let a(s) = s**2 - 11*s + 14. Let t be a(13). What is the greatest common divisor of c and t?
8
Suppose 0 = 4*v - 9*v + 25. Let s = 7 - v. Suppose b - s + 0 = -a, 5*b - 18 = -a. Calculate the highest common factor of b and 4.
4
Let m be (15/(-10))/(6/(-16)). Suppose -p + 5*p - 3*d = 21, -4*d = m*p - 56. Calculate the highest common factor of p and 1.
1
Suppose l - 60 = -l - 3*p, 3*l - 5*p = 71. Let q = -6 + 9. Calculate the greatest common factor of l and q.
3
Let z(n) = n**2 - 8*n - 3. Let q be z(8). Let x(s) = -2*s**3 + s**2 - 2*s + 1. Let u be x(q). What is the greatest common factor of 14 and u?
14
Let x = -27 - -19. Let k = 19 + x. Suppose 0 = 5*f - 3*j - 82 - 13, 69 = 2*f + 5*j. What is the highest common divisor of k and f?
11
Let m be (-181)/(-5) - 6/30. Suppose m = w + 2*w. Calculate the highest common factor of w and 18.
6
Let p(g) = 8*g**3 - 1. Let f be p(-1). Let z = 18 + f. Let v = 209 - 110. What is the greatest common divisor of v and z?
9
Let x be 1/5 + (-89)/(-5). Suppose -w + x = -17. Calculate the greatest common factor of w and 5.
5
Let y be (76/10)/(10/25). Suppose 2*h - y + 15 = 0. Calculate the highest common divisor of h and 3.
1
Let u be (51 - -1)*20/10. Calculate the highest common divisor of u and 13.
13
Let d = 33 + 61. Suppose 0 = -4*k - k + f + d, -2*f + 46 = 3*k. Calculate the greatest common divisor of 144 and k.
18
Suppose 4*b + 4*g - 2 = b, 0 = 4*b - 3*g - 36. Suppose -z + b*z - 900 = 0. Calculate the greatest common factor of 20 and z.
20
Let r = 16 - 14. What is the greatest common factor of 8 and r?
2
Let j(y) = 10*y**2 - 6*y**2 + 0*y + 0*y - y. Let g be j(-2). What is the greatest common divisor of 9 and g?
9
Suppose -2*f = f + 3. Suppose c - 8 = -c. Let m be ((-2)/1)/(f/c). What is the greatest common factor of m and 8?
8
Let m be -2 + 52 - (-4)/2. Let v be (78/24)/((-1)/(-4)). Calculate the greatest common divisor of v and m.
13
Let w be -4 + 12/4 - -76. What is the highest common factor of 15 and w?
15
Let k = 19 - 15. Suppose -k*t + 20 = -0*t, 3*t = n - 1. Calculate the highest common divisor of n and 40.
8
Let f = -15 + 23. What is the greatest common factor of f and 72?
8
Let d be (-6)/(2 + -5) - -29. Let y = 46 - d. What is the greatest common factor of 30 and y?
15
Suppose 0*b = -2*b + 220. Let n(y) = -7*y. Let q be n(-3). Suppose q + 1 = j. Calculate the highest common factor of j and b.
22
Let f be (5 + -1)*(-4)/(-2). Suppose -4 = -4*n - f. Let u = n + 9. Calculate the greatest common divisor of u and 88.
8
Let p(g) = g**3 - 4*g**2 - 12*g + 11. Let x be p(6). Calculate the greatest common factor of x and 55.
11
Suppose 0 = -4*m - 5*k, 0 = 2*m - 0*m + k. Suppose -4*t = -2*q + 42, q + m*t - 18 = -t. Calculate the highest common factor of q and 19.
19
Let d = 7 - 3. Suppose 0 = -q + d - 0. Calculate the highest common divisor of q and 20.
4
Let j(c) = -3 - 7*c + 0 - 2. Let z be j(-3). What is the greatest common divisor of z and 128?
16
Let y(d) = d**3 + 2*d**2 - d + 6. Let t be y(-3). Suppose t = 3*k + s - 5*s - 138, 4*k + 3*s - 184 = 0. Calculate the greatest common factor of 115 and k.
23
Let f(v) = -107*v + 1. Let j = 1 + -2. Let r be f(j). Calculate the highest common divisor of r and 12.
12
Suppose 92 = 5*o - 118. What is the greatest common factor of 6 and o?
6
Let u be (113 - 2) + -1 + 0. Suppose 3*g - 120 = -3*r, 2*g - 7*g = r - 24. Calculate the highest common factor of u and r.
22
Let j be 1/(-6) + 25/6. What is the greatest common divisor of 6 and j?
2
Suppose j = -4*d + 5*j + 12, 2*d = 5*j + 3. What is the greatest common factor of d and 2?
2
Let z = -36 + 60. Suppose 0 = -2*p + 3*j - 13, 5*p - 4*j + 1 + 28 = 0. Let t = 8 + p. What is the greatest common divisor of t and z?
3
Suppose 2 = 2*k - 18. Let g be (-4)/k + (-2260)/(-25). What is the greatest common factor of 10 and g?
10
Suppose 2*j = 2 + 4. Suppose j*m - 5*o - 83 = 0, 0*m + 2*o = -5*m + 190. Calculate the greatest common divisor of m and 4.
4
Let r = -190 - -97. Let i = r - -188. What is the greatest common divisor of i and 19?
19
Let i be (36/30)/(1/110). Calculate the highest common divisor of 12 and i.
12
Let x(v) = -13*v - 11. Let b be x(-3). Ca